 Suppose 0 = -3*g + 5 + 1, 5*i + 4*g - 368 = j. Calculate the highest common factor of i and 9.
9
Suppose -263 + 72 = -4*y - 5*c, 3*y - 172 = 2*c. What is the highest common factor of 36 and y?
18
Let s(l) = -l**3 + 8*l**2 - 10*l + 9. Let w be s(6). Let m = w - 14. Let g(u) = 3*u + 7. Let o be g(14). What is the greatest common factor of m and o?
7
Let z = 100 + 12. Calculate the greatest common factor of z and 14.
14
Let c(g) = 40*g**2 - g. Let j be c(1). Let a(h) = -h**2 - 9*h - 9. Let s be a(-8). Let u be (-2 - s - 3) + 17. Calculate the greatest common divisor of j and u.
13
Let x = -90 + -14. Let m = x + 181. Let k(g) = 16*g + 11. Let w be k(0). Calculate the greatest common divisor of w and m.
11
Let d(h) = h**2 + 5*h + 12. Let f be d(-20). Calculate the greatest common divisor of 12 and f.
12
Let y = -9 - -29. Suppose m - 5*m = 128. Let b be -2*(-2 - -3) - m. Calculate the greatest common divisor of b and y.
10
Let l = -1 + 41. Suppose 3*y = 4*z + 19, -4*z - 11 + 1 = -2*y. Suppose u - 2*t - 22 = -u, 0 = 3*t + y. What is the greatest common divisor of l and u?
8
Suppose 3*c = -j + 1, j - 2*j - 4*c = 3. Let o be ((-26)/3)/((-2)/21). Calculate the greatest common divisor of o and j.
13
Let q be ((-132)/(-16))/(3/12). What is the greatest common factor of 264 and q?
33
Let o be 12/8 - 6*(-22)/8. What is the highest common factor of 4 and o?
2
Let o be (-2 + (-7)/(-3))*27. Let w(y) = 2*y**2 - 8*y + 11. Let a be w(o). Let v = 271 - a. What is the highest common divisor of 17 and v?
17
Suppose -4*j - 2*f - 240 = 0, 0 = 3*f - 1 - 5. Let t = j - -86. What is the greatest common factor of 175 and t?
25
Suppose 4*i - 16 = 36. Let y = i - -5. What is the highest common divisor of 18 and y?
18
Suppose 8*s = 3 + 5. What is the greatest common divisor of 1 and s?
1
Let g be (-54)/(-12)*8/4. Calculate the highest common divisor of 6 and g.
3
Suppose r + 44 = 54. Suppose 0 = -5*u + 4*w + 550, 4*u - 4*w = w + 440. Calculate the highest common divisor of u and r.
10
Let w = -2 - 1. Let h be -1*(6/w - 8). Calculate the highest common divisor of 30 and h.
10
Suppose -2*w = -4*o + 570, -670 + 101 = -4*o + 3*w. Calculate the greatest common divisor of 13 and o.
13
Let o(v) = 20*v**2 - 1. Let b = -8 + 6. Let w be o(b). Let k = w - 37. What is the greatest common divisor of k and 28?
14
Let s be ((12/5)/(-6))/((-2)/70). Calculate the greatest common divisor of s and 126.
14
Let z be -7*1/(14/(-860)). Suppose 4*l + 2*p - z = 0, 2*l - 3*p = l + 125. Calculate the highest common divisor of 22 and l.
22
Let z be (2 - (-21)/(-9))*3. Let k be z*1 + 10 + 0. Calculate the greatest common factor of 27 and k.
9
Let b(a) = -3*a + 4. Let m = -4 - -16. Let v be (-5)/(-1)*m/(-15). Let c be b(v). Calculate the highest common divisor of 64 and c.
16
Suppose 0 = -5*n + n - 236. Let y = n + 94. Let o = 65 - y. Calculate the greatest common divisor of 20 and o.
10
Let p be (1*-3)/(30/(-440)). Let m = 7 + p. What is the greatest common divisor of 17 and m?
17
Suppose -223 = -3*m + 4*d + d, -4*m = -3*d - 301. What is the highest common factor of m and 19?
19
Let w = 6 + 0. Suppose -5*r + 90 = -0*r. Calculate the highest common divisor of w and r.
6
Suppose g = 3*h + 4, -4*h = g - 0*g - 4. Suppose 9*m = g*m + 75. What is the highest common factor of 60 and m?
15
Suppose 981 = 4*h + 189. Let i be 4/8 - -86*(-4)/(-16). Calculate the highest common divisor of h and i.
22
Suppose 0*d + d - 2 = 0. Suppose -d*h = -0*h - 6. Suppose i = 21 - h. What is the greatest common divisor of i and 144?
18
Let z(i) = 2*i**2 + 6. Let g be z(5). Let l(n) = n**2 - 4*n + 1. Let k be l(3). Let m = k + 9. Calculate the greatest common factor of m and g.
7
Let h be 2/(-7) - 156/42. Let u(r) = -r**3 - 5*r**2 - 6*r - 5. Let q be u(h). Let d = 37 + -13. What is the greatest common divisor of d and q?
3
Suppose -2 = q - 4. Suppose 4*r - y + 2 = 0, -6 = -3*r - 5*y + 2*y. Let s be r/4 - (1 - 3). What is the greatest common divisor of s and q?
2
Let g be ((-1)/(-3) - -1)*3. Suppose g*h + 0*h + 16 = 0. Let w be (-75)/(-4) - h/16. What is the highest common factor of 38 and w?
19
Suppose -4*k - 2*w = -3*k - 94, -4*w + 482 = 5*k. Let c = 21 - 7. Calculate the highest common divisor of c and k.
14
Let o = 2 - 1. Let r be -13*(3 + -4)/o. Calculate the highest common factor of r and 26.
13
Let x(u) = 2*u**3 - 7*u**2 + 5. Let c be x(5). Suppose 96 = 4*i - c. Calculate the highest common divisor of 110 and i.
22
Suppose -82 = -4*g + 2*f, 4*g + 2 - 99 = 5*f. Suppose -6*a = -0*a - 972. Calculate the greatest common divisor of a and g.
18
Suppose 1 = 2*a + 5, 2*k - 14 = -5*a. What is the highest common factor of k and 108?
12
Let j be (3 + 0)/(6/162). Let b(s) = s**2 + s + 9. Let l be b(0). Calculate the greatest common factor of j and l.
9
Let o = -51 + 57. Calculate the greatest common divisor of o and 30.
6
Let r be ((-14)/5)/((-1)/10). What is the highest common factor of r and 112?
28
Let g be 4/10 - (-14)/(-10). Let o(l) = 64*l**2. Let u be o(g). Calculate the highest common divisor of u and 8.
8
Suppose 3*o - 11 - 7 = 0. Let d be (-1 - -4)/(1/o). Calculate the highest common divisor of d and 126.
18
Let a(o) = -o**2 - o + 8. Let p be a(0). Suppose -5*d + 2 = -3*i + 11, 3*d = 5*i - 31. Calculate the highest common factor of p and i.
8
Let z be 7 - ((-15)/(-9) + (-3)/(-9)). What is the highest common divisor of 45 and z?
5
Let b(f) = f**3 + 6*f**2 + 3*f + 3. Let l be b(-3). What is the greatest common divisor of 35 and l?
7
Suppose 32 = -2*o - 2*o. Let h = 3 - o. Calculate the highest common divisor of h and 44.
11
Suppose 0 = -4*g + 12, -3*x + g = -6*x + 99. What is the greatest common divisor of 2 and x?
2
Suppose 0 = -q - 0*x + 4*x + 6, q - 6 = -3*x. Let c(j) = j - 2. Let m be c(-8). Let l be (24/m)/(2/(-35)). What is the highest common factor of l and q?
6
Let q be ((-15)/1)/(-1)*64/6. What is the greatest common divisor of 64 and q?
32
Let p(c) = c**3 + 6*c**2 + 4*c + 6. Let a be p(-5). Let l be 2/(-11) + 442/a. What is the greatest common divisor of 20 and l?
20
Let o(u) = u**2 - 4*u - 8. Let r be 12/3 + 12/3. Let i be o(r). What is the highest common factor of i and 3?
3
Suppose 25 - 65 = -4*h. Let z = h + -4. Calculate the greatest common factor of 30 and z.
6
Let a(n) = n**2 + 7. Let q be a(5). Suppose 0*f + q = o + 2*f, 3*f = -4*o + 138. Suppose -o = -4*l - 0*l. What is the greatest common divisor of 9 and l?
9
Suppose -v + 6*v - 110 = 0. Suppose 0 = -4*x + v + 30. What is the highest common factor of x and 13?
13
Let j(h) = 44*h**3 - h**2 + 2*h - 1. Let w be j(1). Let u be 256/(-26) - 22/143. Let t be (3 - u/(-6))*3. What is the greatest common divisor of t and w?
4
Suppose 0 = 8*w - 4 - 44. Suppose i = 4*i - 144. What is the greatest common divisor of i and w?
6
Let f be (-44)/(-3 + 4 + -3). What is the greatest common factor of 33 and f?
11
Suppose 2*p = 2*m - 22, -3*m - 5*p = -m - 57. Let w be (-420)/(-18)*(-6)/(-5). Let c = w + -26. What is the greatest common divisor of m and c?
2
Suppose 320 = 6*b + 4*b. Let f be 44/6 - (-4)/6. Calculate the highest common divisor of b and f.
8
Suppose 5*h = -4*p + 34 + 27, h = -p + 13. Calculate the greatest common factor of 72 and h.
9
Let n(j) = j**3 - 12*j**2 + 6*j - 13. Let z be n(12). Suppose -5*t + z + 116 = 0. What is the highest common factor of 175 and t?
35
Suppose 0 = 4*o + 31 - 67. Calculate the highest common divisor of 9 and o.
9
Let a(b) be the first derivative of 8*b**2 + 3. Let n be a(2). Calculate the highest common factor of n and 80.
16
Let f = -17 - -29. Let r = 8 + 8. Let t = r - -20. Calculate the greatest common divisor of t and f.
12
Let q(l) = l**3 - 7*l**2 - 8*l + 7. Let s be q(8). Let c(u) = u**2 - 4. Let m be c(5). Let h = m - s. What is the greatest common divisor of h and 112?
14
Let g be 1*(8 + -1 - 2). Suppose g*b - 2*b - 33 = 0. Suppose 4*z + 0*m = -m + 6, m = -5*z + 7. Calculate the greatest common factor of b and z.
1
Let m = 36 + -10. Let b = -4 + m. Calculate the greatest common factor of b and 55.
11
Let b be (1 + -7)/((-32)/432). Suppose 59 - 14 = 5*h. Calculate the highest common divisor of h and b.
9
Suppose 6 = h + 3. Suppose 62 = -h*i - 130. Let n = 106 + i. What is the highest common factor of 14 and n?
14
Let j be 14/(